{"id":4550,"date":"2025-04-17T16:20:51","date_gmt":"2025-04-17T14:20:51","guid":{"rendered":"https:\/\/www.afrikisol.com\/last\/?post_type=product&#038;p=4550"},"modified":"2025-04-23T14:52:48","modified_gmt":"2025-04-23T12:52:48","slug":"rivet","status":"publish","type":"product","link":"https:\/\/www.afrikisol.com\/?product=rivet","title":{"rendered":"Rivet"},"content":{"rendered":"<p>Rivet pop 4\/16<br \/>\nRivet pop 4\/18 (T\u00caTE PLATE)<br \/>\nRivet pop 4\/14 (T\u00caTE PLATE)<\/p>\n<p>Le rivet est un \u00e9l\u00e9ment de fixation et d\u2019assemblage m\u00e9canique permanent, poss\u00e9dant des grandes caract\u00e9ristiques m\u00e9caniques. Il se pr\u00e9sente sous la forme d\u2019une tige, ayant une t\u00eate \u00e0 une extr\u00e9mit\u00e9. L\u2019autre c\u00f4t\u00e9 de la tige sera soit aplati (rivet plein, creux ou for\u00e9), \u00e9vas\u00e9e par le clou (rivet aveugle), ou alors une bague y est sertie (rivet tige bague).<\/p>\n","protected":false},"excerpt":{"rendered":"<p>Rivet pop 4\/16 Rivet pop 4\/18 (T\u00caTE PLATE) Rivet pop 4\/14 (T\u00caTE PLATE) Le rivet est un \u00e9l\u00e9ment de fixation et d\u2019assemblage m\u00e9canique permanent, poss\u00e9dant des grandes caract\u00e9ristiques m\u00e9caniques. Il se pr\u00e9sente sous la forme d\u2019une tige, ayant une t\u00eate \u00e0 une extr\u00e9mit\u00e9. L\u2019autre c\u00f4t\u00e9 de la tige sera soit aplati (rivet plein, creux ou [&hellip;]<\/p>\n","protected":false},"featured_media":4638,"comment_status":"open","ping_status":"closed","template":"","meta":[],"product_brand":[],"product_cat":[103],"product_tag":[],"class_list":{"0":"post-4550","1":"product","2":"type-product","3":"status-publish","4":"has-post-thumbnail","6":"product_cat-visseries-boulonneries-etancheite","8":"first","9":"instock","10":"shipping-taxable","11":"product-type-simple"},"_links":{"self":[{"href":"https:\/\/www.afrikisol.com\/index.php?rest_route=\/wp\/v2\/product\/4550","targetHints":{"allow":["GET"]}}],"collection":[{"href":"https:\/\/www.afrikisol.com\/index.php?rest_route=\/wp\/v2\/product"}],"about":[{"href":"https:\/\/www.afrikisol.com\/index.php?rest_route=\/wp\/v2\/types\/product"}],"replies":[{"embeddable":true,"href":"https:\/\/www.afrikisol.com\/index.php?rest_route=%2Fwp%2Fv2%2Fcomments&post=4550"}],"wp:featuredmedia":[{"embeddable":true,"href":"https:\/\/www.afrikisol.com\/index.php?rest_route=\/wp\/v2\/media\/4638"}],"wp:attachment":[{"href":"https:\/\/www.afrikisol.com\/index.php?rest_route=%2Fwp%2Fv2%2Fmedia&parent=4550"}],"wp:term":[{"taxonomy":"product_brand","embeddable":true,"href":"https:\/\/www.afrikisol.com\/index.php?rest_route=%2Fwp%2Fv2%2Fproduct_brand&post=4550"},{"taxonomy":"product_cat","embeddable":true,"href":"https:\/\/www.afrikisol.com\/index.php?rest_route=%2Fwp%2Fv2%2Fproduct_cat&post=4550"},{"taxonomy":"product_tag","embeddable":true,"href":"https:\/\/www.afrikisol.com\/index.php?rest_route=%2Fwp%2Fv2%2Fproduct_tag&post=4550"}],"curies":[{"name":"wp","href":"https:\/\/api.w.org\/{rel}","templated":true}]}}