{"id":3655,"date":"2022-04-26T08:39:44","date_gmt":"2022-04-26T06:39:44","guid":{"rendered":"https:\/\/www.afrikisol.com\/last\/?page_id=3655"},"modified":"2025-06-20T14:38:17","modified_gmt":"2025-06-20T12:38:17","slug":"le-groupe-2","status":"publish","type":"page","link":"https:\/\/www.afrikisol.com\/?page_id=3655","title":{"rendered":"Le Groupe"},"content":{"rendered":"<div class=\"wpb-content-wrapper\"><p>[vc_section css=\u00a0\u00bb.vc_custom_1750423093466{margin-top: 124px !important;padding-top: 45px !important;padding-bottom: 40px !important;background: #FFFFFF url(https:\/\/www.afrikisol.com\/wp-content\/uploads\/2025\/04\/Group-presentation-1.jpg?id=4216) !important;background-position: 0 0 !important;background-repeat: no-repeat !important;}\u00a0\u00bb el_class=\u00a0\u00bbbg-custom\u00a0\u00bb][vc_row content_placement=\u00a0\u00bbbottom\u00a0\u00bb css=\u00a0\u00bb.vc_custom_1744609157670{margin-bottom: 35px !important;}\u00a0\u00bb][vc_column width=\u00a0\u00bb1\/2&Prime;][vc_custom_heading text=\u00a0\u00bbAfrikisol, soci\u00e9t\u00e9 de maintenance<br \/>\nindustrielle en Tunisie\u00a0\u00bb font_container=\u00a0\u00bbtag:h2|font_size:40px|text_align:left|color:%23ffffff|line_height:44px\u00a0\u00bb use_theme_fonts=\u00a0\u00bbyes\u00a0\u00bb css=\u00a0\u00bb.vc_custom_1745390950872{background-color: #FFFFFF00 !important;}\u00a0\u00bb][vc_empty_space height=\u00a0\u00bb20px\u00a0\u00bb][\/vc_column][vc_column width=\u00a0\u00bb1\/12&Prime;][\/vc_column][vc_column width=\u00a0\u00bb1\/3&Prime;][vc_column_text css=\u00a0\u00bb\u00a0\u00bb]<span style=\"color: #b7b7b7;\">Entreprise de calorifugeage industriel et d\u2019isolation thermique, experte dans l\u2019installation de tuyauterie industrielle, l\u2019isolation calorifuge et la maintenance.<\/span>[\/vc_column_text][vc_empty_space height=\u00a0\u00bb25px\u00a0\u00bb][\/vc_column][vc_column width=\u00a0\u00bb1\/12&Prime;][\/vc_column][\/vc_row][vc_row][vc_column][vc_single_image image=\u00a0\u00bb4194&Prime; img_size=\u00a0\u00bbfull\u00a0\u00bb alignment=\u00a0\u00bbcenter\u00a0\u00bb css=\u00a0\u00bb\u00a0\u00bb][\/vc_column][\/vc_row][\/vc_section][vc_section css=\u00a0\u00bb.vc_custom_1747821814238{padding-top: 70px !important;padding-bottom: 45px !important;}\u00a0\u00bb el_class=\u00a0\u00bbnone\u00a0\u00bb][vc_row][vc_column][vc_custom_heading text=\u00a0\u00bb<strong>Pr\u00e9sentation du Groupe<\/strong>\u00a0\u00bb font_container=\u00a0\u00bbtag:h2|font_size:64px|text_align:center|line_height:64px\u00a0\u00bb use_theme_fonts=\u00a0\u00bbyes\u00a0\u00bb css=\u00a0\u00bb\u00a0\u00bb][vc_empty_space height=\u00a0\u00bb15px\u00a0\u00bb][vc_custom_heading text=\u00a0\u00bbGroupe Afrikisol, le partenaire des industriels\u00a0\u00bb font_container=\u00a0\u00bbtag:p|font_size:21px|text_align:center|line_height:26px\u00a0\u00bb use_theme_fonts=\u00a0\u00bbyes\u00a0\u00bb css=\u00a0\u00bb\u00a0\u00bb][vc_empty_space height=\u00a0\u00bb50px\u00a0\u00bb]<ul class=\"iconlist iconlist iconlist-icon-large columns-4\"><li ><div class=\"iconlist-item-icon\"><\/div><div class=\"iconlist-item-content\"><div style=\"font-size: 22px; font-weight: bold; margin: 10px 0;\">AFRKISOL Groupe<\/div>\n<div style=\"color: #666; font-size: 14px; line-height: 1.5;\">AFRKISOL est une aventure de Jeunes dipl\u00f4m\u00e9s qui ont pris l\u2019initiative en Mars 2010, de valoriser et d\u00e9velopper le m\u00e9tier de l\u2019isolation thermique &amp; le calorifugeage, h\u00e9rit\u00e9 de p\u00e8re en fils.<br \/>\nGr\u00e2ce \u00e0 notre t\u00e9nacit\u00e9 de bien faire les choses, \u00e0 la pers\u00e9v\u00e9rance et \u00e0 la volont\u00e9 d\u2019\u00eatre \u00e0 la pointe de la technologie et de la qualit\u00e9 et aux respects de nos engagements avec nos clients, aujourd\u2019hui nous sommes l\u2019unique soci\u00e9t\u00e9 Tunisienne qui est certifi\u00e9e ISO 9001 Version 2015 en Management de la Qualit\u00e9 par le bureau VERITAS, et ce, dans notre sp\u00e9cialit\u00e9.<\/div>\n<\/div><\/li><li ><div class=\"iconlist-item-icon\"><\/div><div class=\"iconlist-item-content\"><div style=\"font-size: 22px; font-weight: bold; margin: 10px 0;\">Certification &amp; Normes<\/div>\n<div style=\"color: #666; font-size: 14px; line-height: 1.5;\">\n<p>Nous d\u00e9butons cette ann\u00e9e par la mise en place des deux syst\u00e8mes combin\u00e9s ISO 14001 &amp; 45001.Et enfin, la transparence financi\u00e8re est une valeur que nous portons, Octobre 2018 AFRKISOL a \u00e9t\u00e9 audit\u00e9e selon le standard international consacr\u00e9 \u00e0 la qualit\u00e9 financi\u00e8re des entreprises et des institutions MSI 20000 \u00ae, ainsi, AFRIKISOL, 1\u00e8re PME Industrielle en Tunisie, certifi\u00e9e conforme au Standard MSI 20000 \u00ae, par SGS.<\/p>\n<p>Dans un processus d\u2019innovation et de diversification maintenu et apr\u00e8s le succ\u00e8s d\u2019AFRIKISOL INDUSTRIE (premi\u00e8re entreprise tunisienne d\u2019isolation industrielle en Tunisie).<\/p>\n<\/div>\n<\/div><\/li><li ><div class=\"iconlist-item-icon\"><\/div><div class=\"iconlist-item-content\"><div style=\"font-size: 22px; font-weight: bold; margin: 10px 0;\">Expertise Globale<\/div>\n<div style=\"color: #666; font-size: 14px; line-height: 1.5;\">AFRIKISOL, \u00e0 travers ses trois entit\u00e9s :\u2022 AFRIKISOL INDUSTRIE<br \/>\n\u2022 AFRIKISOL \u00c9TUDES &amp; R\u00c9ALISATIONS<br \/>\n\u2022 AFRIKISOL TRADING<br \/>\nIntervient dans divers domaines d&rsquo;activit\u00e9 :<br \/>\n\u2022 Travaux m\u00e9canique<br \/>\n\u2022 Soudage<br \/>\n\u2022 Construction m\u00e9tallique<br \/>\n\u2022 \u00c9chafaudage<br \/>\n\u2022 Isolation thermique<br \/>\n\u2022 Peinture<br \/>\n\u2022 Fourniture de mat\u00e9riaux<br \/>\nSuite \u00e0 nos initiatives de diversification et d&rsquo;extension, nous consolidons d\u00e9sormais notre positionnement \u00e0 l&rsquo;\u00e9chelle nationale et internationale.<\/div>\n<\/div><\/li><li ><div class=\"iconlist-item-icon\"><\/div><div class=\"iconlist-item-content\"><div style=\"font-size: 22px; font-weight: bold; margin: 10px 0;\">Qualit\u00e9 Totale<\/div>\n<div style=\"color: #666; font-size: 14px; line-height: 1.5;\">Notre groupe devient certifi\u00e9 ISO9001 :2015 dans la :<br \/>\nR\u00e9alisation des projets cl\u00e9 en main en fournitures, montage \u00e9chafaudage, pr\u00e9fabrication\/montage des tuyauteries et \u00e9quipements industriels et isolation thermique.<br \/>\nAinsi gr\u00e2ce \u00e0 l\u2019engagement de notre groupe, la pers\u00e9v\u00e9rance, l\u2019excellence et la volont\u00e9 d\u2019\u00eatre \u00e0 la pointe de la technologie et de la qualit\u00e9 \u00e0 l\u2019\u00e9gard de nos engagements avec nos respectueux clients.<br \/>\nNous proposons une solution compl\u00e8te :<br \/>\n\u2022 Un seul intervenant, un seul vis-\u00e0-vis<br \/>\n\u2022 Une communication plus fluide et plus efficace<br \/>\n\u2022 Un rendement optimis\u00e9\u2022 Des couts r\u00e9duits<br \/>\n\u2022 Un gain de temps important<br \/>\n\u2022 Une satisfaction client assur\u00e9e<\/div>\n<\/div><\/li><\/ul>[vc_column_text css=\u00a0\u00bb\u00a0\u00bb]<\/p>\n<p style=\"text-align: center;\"><strong><span style=\"color: #000000;\">Une satisfaction client assur\u00e9e !<\/span>\u00a0<span style=\"color: #000000;\"><a class=\"link\" style=\"color: #2b59a2;\" href=\"https:\/\/www.afrikisol.com\/\">Contactez-nous<\/a><\/span><\/strong><\/p>\n<p>[\/vc_column_text][\/vc_column][\/vc_row][\/vc_section][vc_section css_animation=\u00a0\u00bbnone\u00a0\u00bb section_style=\u00a0\u00bbshape-1&Prime; css=\u00a0\u00bb.vc_custom_1632907682899{padding-top: 30px !important;}\u00a0\u00bb el_class=\u00a0\u00bbbg-primary\u00a0\u00bb el_id=\u00a0\u00bbhistory\u00a0\u00bb][vc_row][vc_column width=\u00a0\u00bb1\/6&Prime; offset=\u00a0\u00bbvc_col-lg-2 vc_col-md-1 vc_hidden-sm vc_hidden-xs\u00a0\u00bb][\/vc_column][vc_column offset=\u00a0\u00bbvc_col-lg-8 vc_col-md-10&Prime;][vc_custom_heading text=\u00a0\u00bbNotre histoire &#8211; Une Histoire D&rsquo;excellence\u00a0\u00bb font_container=\u00a0\u00bbtag:h2|font_size:36px|text_align:center|color:%23ffffff|line_height:44px\u00a0\u00bb use_theme_fonts=\u00a0\u00bbyes\u00a0\u00bb css=\u00a0\u00bb\u00a0\u00bb][vc_empty_space height=\u00a0\u00bb30px\u00a0\u00bb][vc_column_text css=\u00a0\u00bb\u00a0\u00bb]<\/p>\n<p style=\"text-align: center;\"><a class=\"button sm shadow white has-arrow\" href=\"#\">T\u00e9l\u00e9chargez Notre Brochure<\/a><\/p>\n<p>[\/vc_column_text][vc_empty_space height=\u00a0\u00bb70px\u00a0\u00bb][\/vc_column][vc_column width=\u00a0\u00bb1\/6&Prime; offset=\u00a0\u00bbvc_col-lg-2 vc_col-md-1 vc_hidden-sm vc_hidden-xs\u00a0\u00bb][\/vc_column][\/vc_row][vc_row][vc_column]<!-- BEGIN: .elements-carousel -->\n<div class=\"elements-carousel  timeline \" data-config=\"{&quot;items&quot;:5,&quot;itemsTablet&quot;:[1200,2],&quot;itemsMobile&quot;:[544,2],&quot;center&quot;:false,&quot;autoPlay&quot;:3000,&quot;stopOnHover&quot;:true,&quot;mouseDrag&quot;:true,&quot;touchDrag&quot;:true,&quot;responsive&quot;:true,&quot;scrollPerPage&quot;:false,&quot;slideSpeed&quot;:150,&quot;paginationSpeed&quot;:200,&quot;rewindSpeed&quot;:200,&quot;navigation&quot;:true,&quot;rewindNav&quot;:false,&quot;pagination&quot;:true,&quot;paginationNumbers&quot;:false,&quot;dragBeforeAnimFinish&quot;:true,&quot;addClassActive&quot;:true,&quot;autoHeight&quot;:true,&quot;navigationText&quot;:[&quot;Previous&quot;,&quot;Next&quot;],&quot;itemsScaleUp&quot;:true}\">\n\t<div class=\"elements-carousel-wrap\">\n\t\t[vc_column_text css_animation=\u00a0\u00bbnone\u00a0\u00bb css=\u00a0\u00bb\u00a0\u00bb]<\/p>\n<p class=\"title\">Pr\u00e9sent<\/p>\n<p><img loading=\"lazy\" decoding=\"async\" class=\"alignnone wp-image-400 size-full\" src=\"https:\/\/unicom-tn.com\/afrikisol\/wp-content\/uploads\/2020\/10\/Afrikisol_isolation_certification_MSI.jpg\" alt=\"\" width=\"600\" height=\"280\" \/><\/p>\n<p>AFRIKISOL, 1\u00e8re PME Industrielle en Tunisie, certifi\u00e9e selon la Norme MSI 20000 par SGS.[\/vc_column_text][vc_column_text css_animation=\u00a0\u00bbnone\u00a0\u00bb css=\u00a0\u00bb\u00a0\u00bb]<\/p>\n<p class=\"title\">2017 &#8211; 2018<\/p>\n<p><img loading=\"lazy\" decoding=\"async\" class=\"alignnone wp-image-401 size-full\" src=\"https:\/\/unicom-tn.com\/afrikisol\/wp-content\/uploads\/2020\/10\/afrikisol_isolation_systeme_management_integre.jpg\" alt=\"\" width=\"600\" height=\"280\" \/><\/p>\n<p>Mise en \u0153uvre du syst\u00e8me de gestion int\u00e9gr\u00e9[\/vc_column_text][vc_column_text css_animation=\u00a0\u00bbnone\u00a0\u00bb css=\u00a0\u00bb\u00a0\u00bb]<\/p>\n<p class=\"title\">Juin 2017<\/p>\n<p><img loading=\"lazy\" decoding=\"async\" class=\"alignnone wp-image-402 size-full\" src=\"https:\/\/unicom-tn.com\/afrikisol\/wp-content\/uploads\/2020\/10\/Afrikisolisolation-certification-ISO-9001.jpg\" alt=\"\" width=\"600\" height=\"280\" \/><\/p>\n<p>Le Groupe est certifi\u00e9 ISO 9001 V 2015 par Bureau VERITAS[\/vc_column_text][vc_column_text css_animation=\u00a0\u00bbnone\u00a0\u00bb css=\u00a0\u00bb\u00a0\u00bb]<\/p>\n<p class=\"title\">F\u00e9vrier 2016<\/p>\n<p><img loading=\"lazy\" decoding=\"async\" class=\"alignnone wp-image-403 size-full\" src=\"https:\/\/unicom-tn.com\/afrikisol\/wp-content\/uploads\/2020\/10\/creation-afrikisol-etude-realisation.jpg\" alt=\"\" width=\"600\" height=\"280\" \/><\/p>\n<p>Cr\u00e9ation d&rsquo;Afrikisol \u00c9tudes &amp; R\u00e9alisations sp\u00e9cialis\u00e9e dans l&rsquo;assemblage industriel[\/vc_column_text][vc_column_text css_animation=\u00a0\u00bbnone\u00a0\u00bb css=\u00a0\u00bb\u00a0\u00bb]<\/p>\n<p class=\"title\">Octobre 2014<\/p>\n<p><img loading=\"lazy\" decoding=\"async\" class=\"alignnone wp-image-404 size-full\" src=\"https:\/\/unicom-tn.com\/afrikisol\/wp-content\/uploads\/2020\/10\/creation_afrikisol_trading.jpg\" alt=\"\" width=\"600\" height=\"280\" \/><\/p>\n<p>Cr\u00e9ation d&rsquo;Afrikisol Trading, le fournisseur industriel[\/vc_column_text][vc_column_text css_animation=\u00a0\u00bbnone\u00a0\u00bb css=\u00a0\u00bb\u00a0\u00bb]<\/p>\n<p class=\"title\">Avril 2014<\/p>\n<p><img loading=\"lazy\" decoding=\"async\" class=\"alignnone wp-image-405 size-full\" src=\"https:\/\/unicom-tn.com\/afrikisol\/wp-content\/uploads\/2020\/10\/afrikison-insolation-certification-veritas.jpg\" alt=\"\" width=\"600\" height=\"280\" \/><\/p>\n<p>Afrikisol Industrie est la seule entreprise certifi\u00e9e ISO 9001 en Tunisie par Bureau V\u00e9ritas[\/vc_column_text][vc_column_text css_animation=\u00a0\u00bbnone\u00a0\u00bb css=\u00a0\u00bb\u00a0\u00bb]<\/p>\n<p class=\"title\">Janvier 2012<\/p>\n<p><img loading=\"lazy\" decoding=\"async\" class=\"alignnone wp-image-406 size-full\" src=\"https:\/\/unicom-tn.com\/afrikisol\/wp-content\/uploads\/2020\/10\/afrikisol_isolation_iso_9001.jpg\" alt=\"\" width=\"600\" height=\"280\" \/><\/p>\n<p>Mise en \u0153uvre d&rsquo;un syst\u00e8me de management de la qualit\u00e9 (SMQ) ISO 9001 V2008[\/vc_column_text][vc_column_text css_animation=\u00a0\u00bbnone\u00a0\u00bb css=\u00a0\u00bb\u00a0\u00bb]<\/p>\n<p class=\"title\">Mars 2010<\/p>\n<p><img loading=\"lazy\" decoding=\"async\" class=\"alignnone wp-image-406 size-full\" src=\"https:\/\/unicom-tn.com\/afrikisol\/wp-content\/uploads\/2020\/10\/afrikisol-isolation.jpg\" alt=\"\" width=\"600\" height=\"280\" \/><\/p>\n<p>Cr\u00e9ation Afrikisol Industrie l&rsquo;expert en isolation thermique[\/vc_column_text]\t<\/div>\n<\/div>\n<!-- END: .elements-carousel -->\n[\/vc_column][\/vc_row][vc_row][vc_column width=\u00a0\u00bb1\/3&Prime;][vc_column_text css=\u00a0\u00bb\u00a0\u00bb][\/vc_column_text][\/vc_column][\/vc_row][vc_row css=\u00a0\u00bb.vc_custom_1744385268233{margin-top: 60px !important;}\u00a0\u00bb][vc_column][\/vc_column][\/vc_row][vc_row][vc_column][vc_custom_heading text=\u00a0\u00bb<strong>Mot Du Pr\u00e9sident<\/strong>\u00a0\u00bb font_container=\u00a0\u00bbtag:h2|font_size:64px|text_align:center|line_height:64px\u00a0\u00bb use_theme_fonts=\u00a0\u00bbyes\u00a0\u00bb css=\u00a0\u00bb.vc_custom_1744378399507{margin-top: 25px !important;}\u00a0\u00bb][\/vc_column][\/vc_row][\/vc_section][vc_row gap=\u00a0\u00bb30&Prime; equal_height=\u00a0\u00bbyes\u00a0\u00bb content_placement=\u00a0\u00bbmiddle\u00a0\u00bb][vc_column width=\u00a0\u00bb1\/2&Prime; offset=\u00a0\u00bbvc_hidden-md vc_hidden-sm vc_hidden-xs\u00a0\u00bb][vc_raw_html]JTNDcCUyMGNsYXNzJTNEJTIyYm9yZGVyJTIyJTNFJTNDJTJGcCUzRQ==[\/vc_raw_html][vc_empty_space height=\u00a0\u00bb60px\u00a0\u00bb][vc_column_text]\t<div class=\"wrap_svl_center\">\r\n\t<div class=\"wrap_svl_center_box\">\r\n\t<div class=\"wrap_svl\" id=\"body_drag_724\">\r\n\t\t<div class=\"images_wrap\">\r\n                            <img decoding=\"async\" src=\"https:\/\/live.linethemes.com\/hank\/wp-content\/uploads\/2020\/02\/map.jpg\" alt=\"\">\r\n            \t\t<\/div>\t\r\n\t\t \t\t \t\t <div class=\"drag_element tips \" style=\"top:5.25%;left:28.17%;\" >\r\n\t\t \t<div class=\"point_style has-hover ihotspot_tooltop_html\" data-placement=\"n\" data-html=\"\t\t \t\t\t \t\t \t\t \">\r\n\t\t \t\t\t\t\t \t\t\t\t\t \t\t<img decoding=\"async\" src=\"https:\/\/live.linethemes.com\/hank\/wp-content\/uploads\/2020\/02\/pin-b.svg\" class=\"pins_image \" style=\"top:-26.5px;left:-24px\" alt=\"\">\r\n\t\t\t \t\t<img decoding=\"async\" src=\"https:\/\/live.linethemes.com\/hank\/wp-content\/uploads\/2020\/02\/pin-y.svg\" class=\"pins_image_hover \"  style=\"top:-26.5px;left:-24px\" alt=\"\">\t\t \t\t\t\t \t<\/div>\r\n\t\t <\/div>\r\n\t\t \t\t <div class=\"drag_element tips \" style=\"top:52.12%;left:19.39%;\" >\r\n\t\t \t<div class=\"point_style has-hover ihotspot_tooltop_html\" data-placement=\"n\" data-html=\"\t\t \t\t\t \t\t \t\t \">\r\n\t\t \t\t\t\t\t \t\t\t\t\t \t\t<img decoding=\"async\" src=\"https:\/\/live.linethemes.com\/hank\/wp-content\/uploads\/2020\/02\/pin-b.svg\" class=\"pins_image \" style=\"top:-26.5px;left:-24px\" alt=\"\">\r\n\t\t\t \t\t<img decoding=\"async\" src=\"https:\/\/live.linethemes.com\/hank\/wp-content\/uploads\/2020\/02\/pin-y.svg\" class=\"pins_image_hover \"  style=\"top:-26.5px;left:-24px\" alt=\"\">\t\t \t\t\t\t \t<\/div>\r\n\t\t <\/div>\r\n\t\t \t\t <div class=\"drag_element tips \" style=\"top:18.98%;left:85.74%;\" >\r\n\t\t \t<div class=\"point_style has-hover ihotspot_tooltop_html\" data-placement=\"n\" data-html=\"\t\t \t\t\t                  &lt;div class=&quot;box_view_html&quot;&gt;\r\n\t\t\t\t\t&lt;span class=&quot;close_ihp&quot;&gt;\r\n\t\t\t\t\t\t&lt;svg version=&quot;1.1&quot; xmlns=&quot;http:\/\/www.w3.org\/2000\/svg&quot; xmlns:xlink=&quot;http:\/\/www.w3.org\/1999\/xlink&quot; x=&quot;0px&quot; y=&quot;0px&quot; viewBox=&quot;0 0 1000 1000&quot; enable-background=&quot;new 0 0 1000 1000&quot; xml:space=&quot;preserve&quot;&gt;&lt;g&gt;&lt;path d=&quot;M153.7,153.7C57.9,249.5,10,365.3,10,499c0,135.7,47.9,251.5,143.7,347.3l0,0C249.5,942.1,363.3,990,499,990c135.7,0,251.5-47.9,347.3-143.7C942.1,750.5,990,634.7,990,499c0-135.7-47.9-249.5-143.7-345.3l0,0C750.5,57.9,634.7,10,499,10C365.3,10,249.5,57.9,153.7,153.7z M209.6,211.6l2-2C289.4,129.7,387.2,89.8,499,89.8c113.8,0,209.6,39.9,291.4,121.8c79.8,77.8,119.8,175.6,119.8,287.4c0,113.8-39.9,209.6-119.8,291.4C708.6,870.3,612.8,910.2,499,910.2c-111.8,0-209.6-39.9-287.4-119.8C129.8,708.6,89.8,612.8,89.8,499C89.8,387.2,129.8,289.4,209.6,211.6z&quot;\/&gt;&lt;path d=&quot;M293.4,331.3c0,12,4,22,12,29.9L443.1,497L305.4,632.7c-8,8-12,18-12,29.9c0,10,4,18,12,26c8,8,18,12,28,12c12,0,20-4,27.9-10L499,552.9l135.7,137.7c8,6,16,10,28,10c12,0,21.9-4,27.9-10c8-8,12-18,12-28c0-12-4-21.9-12-29.9L554.9,497l135.7-135.7c8-8,12-18,12-27.9c0-12-4-22-12-29.9c-6-8-16-12-25.9-12c-12,0-21.9,4-29.9,12L499,441.1L363.3,303.4c-8-8-18-12-29.9-12c-10,0-20,4-28,12C297.4,311.4,293.4,321.4,293.4,331.3z&quot;\/&gt;&lt;\/g&gt;&lt;\/svg&gt;&lt;\/span&gt;\r\n\t\t\t\t\t\t&lt;p&gt;It\u2019s a burning, never-ending desire to help our clients maximize their outcomes \u2014 and exceed their strategic goals.&lt;\/p&gt;\n\t\t\t\t\t&lt;\/div&gt;\r\n\t\t\t \t\t \t\t \">\r\n\t\t \t\t\t\t\t \t\t\t\t\t \t\t<img decoding=\"async\" src=\"https:\/\/live.linethemes.com\/hank\/wp-content\/uploads\/2020\/02\/pin-y.svg\" class=\"pins_image ihotspot_hastooltop\" style=\"top:-26.5px;left:-24px\" alt=\"\">\r\n\t\t\t \t\t<img decoding=\"async\" src=\"https:\/\/live.linethemes.com\/hank\/wp-content\/uploads\/2020\/02\/pin-b.svg\" class=\"pins_image_hover ihotspot_hastooltop\"  style=\"top:-26.5px;left:-24px\" alt=\"\">\t\t \t\t\t\t \t<\/div>\r\n\t\t <\/div>\r\n\t\t \t\t \r\n\t\t  \t\t \t\r\n\t <\/div>\r\n\t <\/div>\r\n\t <\/div>\r\n\t[\/vc_column_text][vc_empty_space height=\u00a0\u00bb60px\u00a0\u00bb][\/vc_column][\/vc_row][vc_row content_placement=\u00a0\u00bbbottom\u00a0\u00bb css=\u00a0\u00bb.vc_custom_1744385595795{margin-top: 50px !important;margin-bottom: 35px !important;}\u00a0\u00bb][vc_column width=\u00a0\u00bb1\/2&Prime;][vc_custom_heading text=\u00a0\u00bbL\u2019isolation industrielle avec<br \/>\nexpertise et innovation\u00a0\u00bb font_container=\u00a0\u00bbtag:h2|font_size:40px|text_align:left|line_height:44px\u00a0\u00bb use_theme_fonts=\u00a0\u00bbyes\u00a0\u00bb css=\u00a0\u00bb\u00a0\u00bb][vc_empty_space height=\u00a0\u00bb20px\u00a0\u00bb][\/vc_column][vc_column width=\u00a0\u00bb1\/12&Prime;][\/vc_column][vc_column width=\u00a0\u00bb1\/3&Prime;][vc_column_text css=\u00a0\u00bb\u00a0\u00bb]Depuis la Tunisie, Afrikisol \u0153uvre pour devenir un acteur de r\u00e9f\u00e9rence en maintenance industrielle, calorifugeage et isolation thermique.[\/vc_column_text][vc_empty_space height=\u00a0\u00bb25px\u00a0\u00bb][\/vc_column][vc_column width=\u00a0\u00bb1\/12&Prime;][\/vc_column][\/vc_row][vc_row gap=\u00a0\u00bb30&Prime; equal_height=\u00a0\u00bbyes\u00a0\u00bb content_placement=\u00a0\u00bbmiddle\u00a0\u00bb][vc_column width=\u00a0\u00bb1\/2&Prime; offset=\u00a0\u00bbvc_col-lg-5 vc_col-md-6 vc_col-xs-12&Prime;][vc_column_text css=\u00a0\u00bb\u00a0\u00bb]<\/p>\n<div class=\"testimonial-content\">\n<blockquote><p>Nous avons toujours cru fermement que notre succ\u00e8s d\u00e9pend du succ\u00e8s de nos clients.<br \/>\nNous nous engageons en permanence \u00e0 r\u00e9pondre aux besoins et aux exigences de nos clients et \u00e0 leur fournir des solutions disponibles pour les besoins urgents et \u00e0 pr\u00e9voir leurs besoins futurs.<\/p><\/blockquote>\n<\/div>\n<div class=\"testimonial-meta\">\n<div class=\"testimonial-author\">\n<p><strong>Hechmi Dhifi<\/strong><\/p>\n<div class=\"author-info\"><span class=\"subtitle\">General Manager<\/span>\u00a0<span class=\"divider\">&#8211;<\/span>\u00a0<span class=\"company\">Groupe Afrikisol<\/span><\/div>\n<\/div>\n<\/div>\n<p>[\/vc_column_text][\/vc_column][vc_column width=\u00a0\u00bb1\/2&Prime;][vc_single_image image=\u00a0\u00bb4962&Prime; img_size=\u00a0\u00bbfull\u00a0\u00bb css=\u00a0\u00bb\u00a0\u00bb][vc_raw_html]JTNDcCUyMGNsYXNzJTNEJTIyYm9yZGVyJTIyJTNFJTNDJTJGcCUzRQ==[\/vc_raw_html][\/vc_column][\/vc_row]<\/p>\n<\/div>","protected":false},"excerpt":{"rendered":"<p>[vc_section css=\u00a0\u00bb.vc_custom_1750423093466{margin-top: 124px !important;padding-top: 45px !important;padding-bottom: 40px !important;background: #FFFFFF url(https:\/\/www.afrikisol.com\/wp-content\/uploads\/2025\/04\/Group-presentation-1.jpg?id=4216) !important;background-position: 0 0 !important;background-repeat: no-repeat !important;}\u00a0\u00bb el_class=\u00a0\u00bbbg-custom\u00a0\u00bb][vc_row content_placement=\u00a0\u00bbbottom\u00a0\u00bb css=\u00a0\u00bb.vc_custom_1744609157670{margin-bottom: 35px !important;}\u00a0\u00bb][vc_column width=\u00a0\u00bb1\/2&Prime;][vc_custom_heading text=\u00a0\u00bbAfrikisol, soci\u00e9t\u00e9 de maintenance industrielle en Tunisie\u00a0\u00bb font_container=\u00a0\u00bbtag:h2|font_size:40px|text_align:left|color:%23ffffff|line_height:44px\u00a0\u00bb use_theme_fonts=\u00a0\u00bbyes\u00a0\u00bb css=\u00a0\u00bb.vc_custom_1745390950872{background-color: #FFFFFF00 !important;}\u00a0\u00bb][vc_empty_space height=\u00a0\u00bb20px\u00a0\u00bb][\/vc_column][vc_column width=\u00a0\u00bb1\/12&Prime;][\/vc_column][vc_column width=\u00a0\u00bb1\/3&Prime;][vc_column_text css=\u00a0\u00bb\u00a0\u00bb]Entreprise de calorifugeage industriel et d\u2019isolation thermique, experte dans l\u2019installation de tuyauterie industrielle, l\u2019isolation calorifuge et la maintenance.[\/vc_column_text][vc_empty_space [&hellip;]<\/p>\n","protected":false},"author":8,"featured_media":0,"parent":0,"menu_order":0,"comment_status":"closed","ping_status":"closed","template":"tmpl\/template-fullwidth.php","meta":{"footnotes":""},"class_list":["post-3655","page","type-page","status-publish","hentry"],"_links":{"self":[{"href":"https:\/\/www.afrikisol.com\/index.php?rest_route=\/wp\/v2\/pages\/3655","targetHints":{"allow":["GET"]}}],"collection":[{"href":"https:\/\/www.afrikisol.com\/index.php?rest_route=\/wp\/v2\/pages"}],"about":[{"href":"https:\/\/www.afrikisol.com\/index.php?rest_route=\/wp\/v2\/types\/page"}],"author":[{"embeddable":true,"href":"https:\/\/www.afrikisol.com\/index.php?rest_route=\/wp\/v2\/users\/8"}],"replies":[{"embeddable":true,"href":"https:\/\/www.afrikisol.com\/index.php?rest_route=%2Fwp%2Fv2%2Fcomments&post=3655"}],"version-history":[{"count":0,"href":"https:\/\/www.afrikisol.com\/index.php?rest_route=\/wp\/v2\/pages\/3655\/revisions"}],"wp:attachment":[{"href":"https:\/\/www.afrikisol.com\/index.php?rest_route=%2Fwp%2Fv2%2Fmedia&parent=3655"}],"curies":[{"name":"wp","href":"https:\/\/api.w.org\/{rel}","templated":true}]}}